{"id":82,"date":"2012-01-16T09:06:58","date_gmt":"2012-01-16T09:06:58","guid":{"rendered":"http:\/\/localhost\/wp\/?page_id=82"},"modified":"2019-03-16T13:05:59","modified_gmt":"2019-03-16T13:05:59","slug":"contact-and-address","status":"publish","type":"page","link":"http:\/\/www.markushuber.at\/index.php\/contact-and-address\/","title":{"rendered":"impressum \/ contact"},"content":{"rendered":"<h2>markus anton huber<\/h2>\n<p>&nbsp;<\/p>\n<p>Josef-Scheu-Weg 31<\/p>\n<p>4020 Linz<\/p>\n<p>Mobil\u00a0\u00a0\u00a0\u00a0\u00a0\u00a0\u00a0\u00a0\u00a0\u00a0\u00a0\u00a0\u00a00664\/4310098<\/p>\n<p>&nbsp;<\/p>\n<p>Mail:\u00a0<a href=\"mailto:markus.a.huber@liwest.at\">markus.a.huber@liwest.at<\/a><\/p>\n<p>&nbsp;<\/p>\n<p>UID: ATU39120508<\/p>\n<p>Mitglied des K\u00fcnstlerhauses (Berufsvereinigung bildender K\u00fcnstler \u00d6sterreichs)<\/p>\n<p>Mitglied des Ober\u00f6sterreichischen Kunstvereins<\/p>\n<p>&nbsp;<\/p>\n<p>photography: Hans Wetzelsdorfer<\/p>\n","protected":false},"excerpt":{"rendered":"<p>markus anton huber &nbsp; Josef-Scheu-Weg 31 4020 Linz Mobil\u00a0\u00a0\u00a0\u00a0\u00a0\u00a0\u00a0\u00a0\u00a0\u00a0\u00a0\u00a0\u00a00664\/4310098 &nbsp; Mail:\u00a0markus.a.huber@liwest.at &nbsp; UID: ATU39120508 Mitglied des K\u00fcnstlerhauses (Berufsvereinigung bildender K\u00fcnstler \u00d6sterreichs) Mitglied des Ober\u00f6sterreichischen Kunstvereins &nbsp; photography: Hans Wetzelsdorfer<\/p>\n","protected":false},"author":2,"featured_media":0,"parent":0,"menu_order":0,"comment_status":"closed","ping_status":"open","template":"page-templates\/template-contact.php","meta":{"pgc_sgb_lightbox_settings":"","footnotes":""},"_links":{"self":[{"href":"http:\/\/www.markushuber.at\/index.php\/wp-json\/wp\/v2\/pages\/82"}],"collection":[{"href":"http:\/\/www.markushuber.at\/index.php\/wp-json\/wp\/v2\/pages"}],"about":[{"href":"http:\/\/www.markushuber.at\/index.php\/wp-json\/wp\/v2\/types\/page"}],"author":[{"embeddable":true,"href":"http:\/\/www.markushuber.at\/index.php\/wp-json\/wp\/v2\/users\/2"}],"replies":[{"embeddable":true,"href":"http:\/\/www.markushuber.at\/index.php\/wp-json\/wp\/v2\/comments?post=82"}],"version-history":[{"count":10,"href":"http:\/\/www.markushuber.at\/index.php\/wp-json\/wp\/v2\/pages\/82\/revisions"}],"predecessor-version":[{"id":1266,"href":"http:\/\/www.markushuber.at\/index.php\/wp-json\/wp\/v2\/pages\/82\/revisions\/1266"}],"wp:attachment":[{"href":"http:\/\/www.markushuber.at\/index.php\/wp-json\/wp\/v2\/media?parent=82"}],"curies":[{"name":"wp","href":"https:\/\/api.w.org\/{rel}","templated":true}]}}